ase 13.
-10b724
What is -45503450 (base 6) in base 11?
-871415
Convert 667a9 (base 14) to base 15.
4d956
-b1cbd (base 15) to base 2
-10001001011110111000
Convert -252c88 (base 15) to base 2.
-110110010111011001101
16045300 (base 7) to base 10
1540903
-470a06 (base 11) to base 16
-b6983
What is 2b50b8 (base 12) in base 8?
2632514
Convert -365648 (base 11) to base 14.
-110b28
What is -11011100111100 (base 2) in base 15?
-42ca
Convert -7324034 (base 9) to base 10.
-3913303
-2172 (base 9) to base 6
-11232
251b7 (base 12) to base 3
2120010111
Convert 65608c (base 13) to base 12.
96b671
6162cd (base 16) to base 9
13006757
What is -230312310 (base 5) in base 4?
-3322132203
Convert 8a981 (base 11) to base 6.
2453200
What is -226324 (base 8) in base 3?
-10220122022
Convert 396a2 (base 12) to base 6.
1404322
What is -41551463 (base 7) in base 13?
-95ac05
What is -31854 (base 13) in base 12?
-43819
-230231302 (base 4) to base 16
-2cb72
What is -24230c (base 14) in base 7?
-13333515
What is -12002804 (base 9) in base 4?
-112103232121
What is 102a47 (base 15) in base 9?
1401084
Convert -1273684 (base 9) to base 5.
-134320330
-13204102 (base 7) to base 13
-3355a5
Convert d04d (base 14) to base 11.
24942
-a8b7 (base 13) to base 8
-55660
What is 12000201001 (base 4) in base 6?
53431321
What is -451570 (base 12) in base 2?
-100001100111011100100
3032132 (base 5) to base 10
49042
26001525 (base 8) to base 14
aa2097
What is -62778 (base 10) in base 11?
-43191
23332001 (base 6) to base 13
1c6189
-933382 (base 12) to base 4
-20303111102
Convert -10000001010111010000 (base 2) to base 12.
-216780
Convert 64a28b (base 14) to base 3.
20102011200002
Convert 31341 (base 5) to base 13.
c53
-95130 (base 16) to base 4
-2111010300
1411667 (base 12) to base 5
2011122334
What is -101110100100110001111 (base 2) in base 16?
-17498f
What is -256da (base 14) in base 9?
-150073
What is -127628 (base 12) in base 6?
-10300052
200045353 (base 6) to base 2
1100110101101100000101
1220310210 (base 4) to base 6
13111420
10a1a2 (base 13) to base 16
6015c
Convert 100010101100010001010001 (base 2) to base 4.
202230101101
Convert 12340203002 (base 5) to base 13.
31ab822
Convert -20002220210111 (base 3) to base 13.
-898681
What is -20110020211 (base 3) in base 12?
-6161a
Convert 1111010011101010011 (base 2) to base 5.
112022322
Convert -2224bb0 (base 12) to base 3.
-110021020101120
-12211002012102 (base 3) to base 11
-1821a3a
-1330220222 (base 4) to base 7
-4224233
Convert -72665 (base 9) to base 3.
-2102202012
-1b29c (base 14) to base 11
-47a36
24025464 (base 8) to base 3
100212221001101
What is -11da71 (base 15) in base 16?
-d10a7
What is 110b5 (base 16) in base 5?
4213223
What is 1000010111101100 (base 2) in base 16?
85ec
What is 41477 (base 11) in base 6?
1143531
-222200010000 (base 3) to base 4
-2000022201
7426110 (base 9) to base 4
33022023231
Convert 6134b (base 16) to base 3.
202020011111
What is -70c9e7 (base 16) in base 14?
-da5abd
1334011021 (base 5) to base 14
651460
What is -5701c (base 16) in base 4?
-1113000130
Convert -556760 (base 10) to base 14.
-106c88
-3bd469 (base 14) to base 2
-111111010000000010101
Convert -327441 (base 9) to base 6.
-4110101
29413 (base 13) to base 9
127377
What is -114601 (base 9) in base 13?
-25549
What is 39c22 (base 13) in base 9?
173427
What is -1ac188 (base 15) in base 12?
-530092
Convert 225504 (base 7) to base 6.
510540
Convert 10100110011001011 (base 2) to base 8.
246313
What is 147510c (base 13) in base 12?
2226b16
-1226336 (base 9) to base 11
-4163a7
Convert -311353 (base 8) to base 2.
-11001001011101011
Convert -1028716 (base 10) to base 4.
-3323021230
Convert -1e1c9 (base 16) to base 12.
-5b461
Convert -57761 (base 11) to base 9.
-136406
Convert 5a7850 (base 12) to base 14.
2a1b88
-117871 (base 9) to base 5
-4241200
What is -467431 (base 9) in base 5?
-32443032
What is -64cb31 (base 14) in base 15?
-47710a
-243c70 (base 14) to base 16
-12ebba
Convert 7b672 (base 12) to base 15.
33dc5
What is -790415 (base 11) in base 12?
-508b4a
Convert -423545 (base 6) to base 3.
-1202101202
3110556 (base 7) to base 14
99a2d
-100111010001010110001 (base 2) to base 14
-256d69
-20112012230 (base 4) to base 14
-40d39a
What is -107268 (base 12) in base 2?
-111111110010110000
Convert -de2d8 (base 16) to base 3.
-1201020100012
Convert 1230110142 (base 5) to base 13.
801006
11200102212 (base 3) to base 11
63285
What is -13253014 (base 6) in base 8?
-1540342
Convert -a0265 (base 12) to base 11.
-132081
Convert -3331442 (base 5) to base 10.
-58372
-14013041 (base 5) to base 14
-39898
Convert -ba21c (base 14) to base 13.
-12a03a
Convert -74926 (base 16) to base 7.
-4026031
What is 40000334 (base 5) in base 9?
525716
What is -11414244 (base 5) in base 14?
-2b22d
What is -111011011110 (base 2) in base 14?
-155c
What is 6ac33 (base 14) in base 2?
111111100011101101
1856744 (base 10) to base 7
21532151
47702 (base 12) to base 5
11033200
130232213 (base 4) to base 9
188365
Convert -64664164 (base 7) to base 2.
-10101000101101111111001
What is 100010011111100111010 (base 2) in base 5?
242132143
20001001000 (base 3) to base 2
11101000001000110
-c7473 (base 13) to base 9
-606256
123212121230 (base 4) to base 9
14546718
What is 42351311 (base 6) in base 13?
346b25
Convert -2123230 (base 6) to base 9.
-168210
Convert -44502 (base 11) to base 16.
-fbef
202201112210100 (base 3) to base 9
22645710
What is 156c3f (base 16) in base 14?
287915
4433882 (base 9) to base 8
11061250
Convert -461402 (base 8) to base 11.
-a7579
What is 265464 (base 10) in base 8?
1006370
What is -1964407 (base 11) in base 9?
-6211788
Convert 50a8170 (base 12) to base 13.
31a64b1
4e84e (base 16) to base 6
10520542
-1010100100111000110 (base 2) to base 10
-346566
3646a (base 11) to base 14
1519b
Convert -79cac (base 13) to base 2.
-110110001010101110
Convert -202212001211 (base 3) to base 6.
-12444204
Convert 2622700 (base 8) to base 3.
1101010010210
What is -21343 (base 5) in base 10?
-1473
What is 22100202 (base 4) in base 16?
a422
635d2 (base 14) to base 13
85263
What is 2130223312 (base 4) in base 9?
1177321
What is -33211152 (base 6) in base 5?
-223400113
What is 986212 (base 10) in base 2?
11110000110001100100
What is 222353b (base 12) in base 3?
110021002201102
771708 (base 12) to base 3
10120000012122
What is -11101101110001 (base 2) in base 3?
-202212121
61c140 (base 13) to base 8
10552630
-2405545 (base 6) to base 15
-273a5
Convert 1001011000101000001001100 (base 2) to base 10.
19681356
Convert 1337011 (base 8) to base 9.
633203
What is 2669347 (base 11) in base 12?
166376b
-154324565 (base 7) to base 8
-47554017
What is 10101220110012 (base 3) in base 2?
110111001101001010010
-144302000 (base 5) to base 15
-104a85
What is 1af378 (base 16) in base 5?
423010024
2860360 (base 9) to base 8
6004031
134640646 (base 7) to base 11
4a82213
What is 200021002201 (base 3) in base 10?
359470
Convert 11201001112 (base 3) to base 2.
10110100111010000
What is 10001010001101101 (base 2) in base 6?
1303341
What is -100000011011001110 (base 2) in base 6?
-2502514
What is -73506462 (base 8) in base 4?
-323220310302
Convert 127dbf (base 16) to base 5.
302234324
What is 52163226 (base 8) in base 15?
e89ad8
-90ab1 (base 14) to base 10
-347859
62a680 (base 12) to base 5
344141304
-232043 (base 6) to base 11
-13a50
Convert -a1290a (base 13) to base 9.
-7041435
24411314 (base 5) to base 14
60816
Convert 205073 (base 9) to base 10.
121809
155360552 (base 7) to base 3
201211021111102
-134956 (base 11) to base 16
-339f8
Convert 2516252 (base 7) to base 15.
65ea2
5536016 (base 7) to base 16
a6652
-4de1f2 (base 16) to base 13
-10992b2
Convert -3f50e (base 16) to base 10.
-259342
Convert -41446524 (base 7) to base 9.
-6510640
Convert 1a68262 (base 12) to base 15.
75d13b
284b7 (base 15) to base 12
62a0a
2153574 (base 9) to base 10
1157395
Convert -211110111211 (base 3) to base 2.
-1101011111100100011
Convert -1400255 (base 6) to base 10.
-77867
What is -1461556 (base 7) in base 16?
-30ce8
2a4d0 (base 14) to base 3
12100100201
Convert 373b5 (base 12) to base 15.
172b8
Convert -231800 (base 9) to base 3.
-21001220000
Convert 258c0 (base 14) to base 9.
150532
What is 13230101 (base 6) in base 14?
b61a5
Convert 463208 (base 9